{"version":"1.0","provider_name":"Martin Luther Evangelische Kirche Toronto","provider_url":"https:\/\/martinluther.ca\/de\/","author_name":"Mona Kakoschke Frantzke","author_url":false,"title":"Die Schule ist vorbei und nicht mehr lange, dann ist Zeit f\u00fcr unser Sommercamp! - Martin Luther Evangelische Kirche Toronto","type":"rich","width":600,"height":338,"html":"<blockquote class=\"wp-embedded-content\" data-secret=\"3KvxCELUSO\"><a href=\"https:\/\/martinluther.ca\/de\/2017\/06\/schule-vorbei-zeit-fuer-unser-sommercamp\/\">Die Schule ist vorbei und nicht mehr lange, dann ist Zeit f\u00fcr unser Sommercamp!<\/a><\/blockquote><iframe sandbox=\"allow-scripts\" security=\"restricted\" src=\"https:\/\/martinluther.ca\/de\/2017\/06\/schule-vorbei-zeit-fuer-unser-sommercamp\/embed\/#?secret=3KvxCELUSO\" width=\"600\" height=\"338\" title=\"&#8222;Die Schule ist vorbei und nicht mehr lange, dann ist Zeit f\u00fcr unser Sommercamp!&#8220; &#8211; Martin Luther Evangelische Kirche Toronto\" data-secret=\"3KvxCELUSO\" frameborder=\"0\" marginwidth=\"0\" marginheight=\"0\" scrolling=\"no\" class=\"wp-embedded-content\"><\/iframe><script>\n\/*! This file is auto-generated *\/\n!function(d,l){\"use strict\";l.querySelector&&d.addEventListener&&\"undefined\"!=typeof URL&&(d.wp=d.wp||{},d.wp.receiveEmbedMessage||(d.wp.receiveEmbedMessage=function(e){var t=e.data;if((t||t.secret||t.message||t.value)&&!\/[^a-zA-Z0-9]\/.test(t.secret)){for(var s,r,n,a=l.querySelectorAll('iframe[data-secret=\"'+t.secret+'\"]'),o=l.querySelectorAll('blockquote[data-secret=\"'+t.secret+'\"]'),c=new RegExp(\"^https?:$\",\"i\"),i=0;i<o.length;i++)o[i].style.display=\"none\";for(i=0;i<a.length;i++)s=a[i],e.source===s.contentWindow&&(s.removeAttribute(\"style\"),\"height\"===t.message?(1e3<(r=parseInt(t.value,10))?r=1e3:~~r<200&&(r=200),s.height=r):\"link\"===t.message&&(r=new URL(s.getAttribute(\"src\")),n=new URL(t.value),c.test(n.protocol))&&n.host===r.host&&l.activeElement===s&&(d.top.location.href=t.value))}},d.addEventListener(\"message\",d.wp.receiveEmbedMessage,!1),l.addEventListener(\"DOMContentLoaded\",function(){for(var e,t,s=l.querySelectorAll(\"iframe.wp-embedded-content\"),r=0;r<s.length;r++)(t=(e=s[r]).getAttribute(\"data-secret\"))||(t=Math.random().toString(36).substring(2,12),e.src+=\"#?secret=\"+t,e.setAttribute(\"data-secret\",t)),e.contentWindow.postMessage({message:\"ready\",secret:t},\"*\")},!1)))}(window,document);\n\/\/# sourceURL=https:\/\/martinluther.ca\/wp-includes\/js\/wp-embed.min.js\n<\/script>\n","thumbnail_url":"https:\/\/martinluther.ca\/wp-content\/uploads\/2017\/04\/2016-Summer-Camp-230-3-4-1024.jpg","thumbnail_width":1024,"thumbnail_height":769,"description":"Das Campteam hat f\u00fcr euch schon ein tolles Freizeitprogramm vorbereitet &#8211; mit viel Spa\u00df und Action, gemeinsamen Gottesdiensten, Kleingruppen und Kreativaktionen, Slackline und einem Tag am Strand, \u00dcbernachten auf einer einsamen Insel und noch vielem mehr! Unser Thema in diesem Jahr ist das Reich Gottes. Was haben Senfk\u00f6rner eigentlich damit zu tun und wie war&hellip;"}

Die Schule ist vorbei und nicht mehr lange, dann ist Zeit für unser Sommercamp! - Martin Luther Evangelische Kirche Toronto

<blockquote class="wp-embedded-content" data-secret="3KvxCELUSO"><a href="https://martinluther.ca/de/2017/06/schule-vorbei-zeit-fuer-unser-sommercamp/">Die Schule ist vorbei und nicht mehr lange, dann ist Zeit für unser Sommercamp!</a></blockquote><iframe sandbox="allow-scripts" security="restricted" src="https://martinluther.ca/de/2017/06/schule-vorbei-zeit-fuer-unser-sommercamp/embed/#?secret=3KvxCELUSO" width="600" height="338" title="&#8222;Die Schule ist vorbei und nicht mehr lange, dann ist Zeit für unser Sommercamp!&#8220; &#8211; Martin Luther Evangelische Kirche Toronto" data-secret="3KvxCELUSO" frameborder="0" marginwidth="0" marginheight="0" scrolling="no" class="wp-embedded-content"></iframe><script>
/*! This file is auto-generated */
!function(d,l){"use strict";l.querySelector&&d.addEventListener&&"undefined"!=typeof URL&&(d.wp=d.wp||{},d.wp.receiveEmbedMessage||(d.wp.receiveEmbedMessage=function(e){var t=e.data;if((t||t.secret||t.message||t.value)&&!/[^a-zA-Z0-9]/.test(t.secret)){for(var s,r,n,a=l.querySelectorAll('iframe[data-secret="'+t.secret+'"]'),o=l.querySelectorAll('blockquote[data-secret="'+t.secret+'"]'),c=new RegExp("^https?:$","i"),i=0;i<o.length;i++)o[i].style.display="none";for(i=0;i<a.length;i++)s=a[i],e.source===s.contentWindow&&(s.removeAttribute("style"),"height"===t.message?(1e3<(r=parseInt(t.value,10))?r=1e3:~~r<200&&(r=200),s.height=r):"link"===t.message&&(r=new URL(s.getAttribute("src")),n=new URL(t.value),c.test(n.protocol))&&n.host===r.host&&l.activeElement===s&&(d.top.location.href=t.value))}},d.addEventListener("message",d.wp.receiveEmbedMessage,!1),l.addEventListener("DOMContentLoaded",function(){for(var e,t,s=l.querySelectorAll("iframe.wp-embedded-content"),r=0;r<s.length;r++)(t=(e=s[r]).getAttribute("data-secret"))||(t=Math.random().toString(36).substring(2,12),e.src+="#?secret="+t,e.setAttribute("data-secret",t)),e.contentWindow.postMessage({message:"ready",secret:t},"*")},!1)))}(window,document);
//# sourceURL=https://martinluther.ca/wp-includes/js/wp-embed.min.js
</script>

Das Campteam hat für euch schon ein tolles Freizeitprogramm vorbereitet &#8211; mit viel Spaß und Action, gemeinsamen Gottesdiensten, Kleingruppen und Kreativaktionen, Slackline und einem Tag am Strand, Übernachten auf einer einsamen Insel und noch vielem mehr! Unser Thema in diesem Jahr ist das Reich Gottes. Was haben Senfkörner eigentlich damit zu tun und wie war&hellip;
