{"version":"1.0","provider_name":"Martin Luther Evangelische Kirche Toronto","provider_url":"https:\/\/martinluther.ca\/de\/","author_name":"Mona Kakoschke Frantzke","author_url":false,"title":"Sommercamp\u2013 Fr\u00fchbucherrabatt - Martin Luther Evangelische Kirche Toronto","type":"rich","width":600,"height":338,"html":"<blockquote class=\"wp-embedded-content\" data-secret=\"2uaSKjuNBB\"><a href=\"https:\/\/martinluther.ca\/de\/2018\/02\/sommercamp-fruehbucherrabatt\/\">Sommercamp\u2013 Fr\u00fchbucherrabatt<\/a><\/blockquote><iframe sandbox=\"allow-scripts\" security=\"restricted\" src=\"https:\/\/martinluther.ca\/de\/2018\/02\/sommercamp-fruehbucherrabatt\/embed\/#?secret=2uaSKjuNBB\" width=\"600\" height=\"338\" title=\"&#8222;Sommercamp\u2013 Fr\u00fchbucherrabatt&#8220; &#8211; Martin Luther Evangelische Kirche Toronto\" data-secret=\"2uaSKjuNBB\" frameborder=\"0\" marginwidth=\"0\" marginheight=\"0\" scrolling=\"no\" class=\"wp-embedded-content\"><\/iframe><script>\n\/*! This file is auto-generated *\/\n!function(d,l){\"use strict\";l.querySelector&&d.addEventListener&&\"undefined\"!=typeof URL&&(d.wp=d.wp||{},d.wp.receiveEmbedMessage||(d.wp.receiveEmbedMessage=function(e){var t=e.data;if((t||t.secret||t.message||t.value)&&!\/[^a-zA-Z0-9]\/.test(t.secret)){for(var s,r,n,a=l.querySelectorAll('iframe[data-secret=\"'+t.secret+'\"]'),o=l.querySelectorAll('blockquote[data-secret=\"'+t.secret+'\"]'),c=new RegExp(\"^https?:$\",\"i\"),i=0;i<o.length;i++)o[i].style.display=\"none\";for(i=0;i<a.length;i++)s=a[i],e.source===s.contentWindow&&(s.removeAttribute(\"style\"),\"height\"===t.message?(1e3<(r=parseInt(t.value,10))?r=1e3:~~r<200&&(r=200),s.height=r):\"link\"===t.message&&(r=new URL(s.getAttribute(\"src\")),n=new URL(t.value),c.test(n.protocol))&&n.host===r.host&&l.activeElement===s&&(d.top.location.href=t.value))}},d.addEventListener(\"message\",d.wp.receiveEmbedMessage,!1),l.addEventListener(\"DOMContentLoaded\",function(){for(var e,t,s=l.querySelectorAll(\"iframe.wp-embedded-content\"),r=0;r<s.length;r++)(t=(e=s[r]).getAttribute(\"data-secret\"))||(t=Math.random().toString(36).substring(2,12),e.src+=\"#?secret=\"+t,e.setAttribute(\"data-secret\",t)),e.contentWindow.postMessage({message:\"ready\",secret:t},\"*\")},!1)))}(window,document);\n\/\/# sourceURL=https:\/\/martinluther.ca\/wp-includes\/js\/wp-embed.min.js\n<\/script>\n","thumbnail_url":"https:\/\/martinluther.ca\/wp-content\/uploads\/2015\/05\/2015-Camp-Lutherlyn-Tshirt-Colours-white.png","thumbnail_width":1024,"thumbnail_height":768,"description":"Sommercamp Fr\u00fchbucherrabatt bis 28. Februar.\u00a0Die Vorbereitungen f\u00fcr das n\u00e4chste Sommercamp sind l\u00e4ngst im Gange. Wir hoffen, dass jeder sich den Termin vom 18.\u201324. August 2018 vorgemerkt hat. Unvergessliche Erfahrungen garantiert! Jeden Sommer fahren Familien und Jugendliche zusammen ins Sommerlager Camp Lutherly am Golden Lake, \u00f6stlich des Algonquin Parks. Eine Woche lang fahren wir Kanu, wir&hellip;"}

Sommercamp– Frühbucherrabatt - Martin Luther Evangelische Kirche Toronto

<blockquote class="wp-embedded-content" data-secret="2uaSKjuNBB"><a href="https://martinluther.ca/de/2018/02/sommercamp-fruehbucherrabatt/">Sommercamp– Frühbucherrabatt</a></blockquote><iframe sandbox="allow-scripts" security="restricted" src="https://martinluther.ca/de/2018/02/sommercamp-fruehbucherrabatt/embed/#?secret=2uaSKjuNBB" width="600" height="338" title="&#8222;Sommercamp– Frühbucherrabatt&#8220; &#8211; Martin Luther Evangelische Kirche Toronto" data-secret="2uaSKjuNBB" frameborder="0" marginwidth="0" marginheight="0" scrolling="no" class="wp-embedded-content"></iframe><script>
/*! This file is auto-generated */
!function(d,l){"use strict";l.querySelector&&d.addEventListener&&"undefined"!=typeof URL&&(d.wp=d.wp||{},d.wp.receiveEmbedMessage||(d.wp.receiveEmbedMessage=function(e){var t=e.data;if((t||t.secret||t.message||t.value)&&!/[^a-zA-Z0-9]/.test(t.secret)){for(var s,r,n,a=l.querySelectorAll('iframe[data-secret="'+t.secret+'"]'),o=l.querySelectorAll('blockquote[data-secret="'+t.secret+'"]'),c=new RegExp("^https?:$","i"),i=0;i<o.length;i++)o[i].style.display="none";for(i=0;i<a.length;i++)s=a[i],e.source===s.contentWindow&&(s.removeAttribute("style"),"height"===t.message?(1e3<(r=parseInt(t.value,10))?r=1e3:~~r<200&&(r=200),s.height=r):"link"===t.message&&(r=new URL(s.getAttribute("src")),n=new URL(t.value),c.test(n.protocol))&&n.host===r.host&&l.activeElement===s&&(d.top.location.href=t.value))}},d.addEventListener("message",d.wp.receiveEmbedMessage,!1),l.addEventListener("DOMContentLoaded",function(){for(var e,t,s=l.querySelectorAll("iframe.wp-embedded-content"),r=0;r<s.length;r++)(t=(e=s[r]).getAttribute("data-secret"))||(t=Math.random().toString(36).substring(2,12),e.src+="#?secret="+t,e.setAttribute("data-secret",t)),e.contentWindow.postMessage({message:"ready",secret:t},"*")},!1)))}(window,document);
//# sourceURL=https://martinluther.ca/wp-includes/js/wp-embed.min.js
</script>

Sommercamp Frühbucherrabatt bis 28. Februar. Die Vorbereitungen für das nächste Sommercamp sind längst im Gange. Wir hoffen, dass jeder sich den Termin vom 18.–24. August 2018 vorgemerkt hat. Unvergessliche Erfahrungen garantiert! Jeden Sommer fahren Familien und Jugendliche zusammen ins Sommerlager Camp Lutherly am Golden Lake, östlich des Algonquin Parks. Eine Woche lang fahren wir Kanu, wir&hellip;
