{"version":"1.0","provider_name":"Martin Luther Evangelische Kirche Toronto","provider_url":"https:\/\/martinluther.ca\/de\/","author_name":"Mona Kakoschke Frantzke","author_url":false,"title":"Abschied von Vikarin Thara Klein - Martin Luther Evangelische Kirche Toronto","type":"rich","width":600,"height":338,"html":"<blockquote class=\"wp-embedded-content\" data-secret=\"PL80enADnS\"><a href=\"https:\/\/martinluther.ca\/de\/2018\/04\/abschied-vikarin-thara\/\">Abschied von Vikarin Thara Klein<\/a><\/blockquote><iframe sandbox=\"allow-scripts\" security=\"restricted\" src=\"https:\/\/martinluther.ca\/de\/2018\/04\/abschied-vikarin-thara\/embed\/#?secret=PL80enADnS\" width=\"600\" height=\"338\" title=\"&#8222;Abschied von Vikarin Thara Klein&#8220; &#8211; Martin Luther Evangelische Kirche Toronto\" data-secret=\"PL80enADnS\" frameborder=\"0\" marginwidth=\"0\" marginheight=\"0\" scrolling=\"no\" class=\"wp-embedded-content\"><\/iframe><script>\n\/*! This file is auto-generated *\/\n!function(d,l){\"use strict\";l.querySelector&&d.addEventListener&&\"undefined\"!=typeof URL&&(d.wp=d.wp||{},d.wp.receiveEmbedMessage||(d.wp.receiveEmbedMessage=function(e){var t=e.data;if((t||t.secret||t.message||t.value)&&!\/[^a-zA-Z0-9]\/.test(t.secret)){for(var s,r,n,a=l.querySelectorAll('iframe[data-secret=\"'+t.secret+'\"]'),o=l.querySelectorAll('blockquote[data-secret=\"'+t.secret+'\"]'),c=new RegExp(\"^https?:$\",\"i\"),i=0;i<o.length;i++)o[i].style.display=\"none\";for(i=0;i<a.length;i++)s=a[i],e.source===s.contentWindow&&(s.removeAttribute(\"style\"),\"height\"===t.message?(1e3<(r=parseInt(t.value,10))?r=1e3:~~r<200&&(r=200),s.height=r):\"link\"===t.message&&(r=new URL(s.getAttribute(\"src\")),n=new URL(t.value),c.test(n.protocol))&&n.host===r.host&&l.activeElement===s&&(d.top.location.href=t.value))}},d.addEventListener(\"message\",d.wp.receiveEmbedMessage,!1),l.addEventListener(\"DOMContentLoaded\",function(){for(var e,t,s=l.querySelectorAll(\"iframe.wp-embedded-content\"),r=0;r<s.length;r++)(t=(e=s[r]).getAttribute(\"data-secret\"))||(t=Math.random().toString(36).substring(2,12),e.src+=\"#?secret=\"+t,e.setAttribute(\"data-secret\",t)),e.contentWindow.postMessage({message:\"ready\",secret:t},\"*\")},!1)))}(window,document);\n\/\/# sourceURL=https:\/\/martinluther.ca\/wp-includes\/js\/wp-embed.min.js\n<\/script>\n","thumbnail_url":"https:\/\/martinluther.ca\/wp-content\/uploads\/2018\/04\/cropped.jpeg","thumbnail_width":457,"thumbnail_height":344,"description":"Im April 2017 hat unsere Gemeinde Vikarin Thara Klein aus Deutschland mit gro\u00dfer Freude willkommen gehei\u00dfen. Obwohl uns das gef\u00fchlt wie gestern vorkommt, ist es nun schon beinahe Zeit, ihr auf Wiedersehen zu sagen. Wir haben uns mit Thara hingesetzt und mir ihr \u00fcber ihre Zeit hier in der MLK und in Toronto gesprochen. Du&hellip;"}

Im April 2017 hat unsere Gemeinde Vikarin Thara Klein aus Deutschland mit großer Freude willkommen geheißen. Obwohl uns das gefühlt wie gestern vorkommt, ist es nun schon beinahe Zeit, ihr auf Wiedersehen zu sagen. Wir haben uns mit Thara hingesetzt und mir ihr über ihre Zeit hier in der MLK und in Toronto gesprochen. Du&hellip;
