{"version":"1.0","provider_name":"Martin Luther Evangelische Kirche Toronto","provider_url":"https:\/\/martinluther.ca\/de\/","author_name":"Mona Kakoschke Frantzke","author_url":false,"title":"Abschied von Vikarin Mirjam - Interview - Martin Luther Evangelische Kirche Toronto","type":"rich","width":600,"height":338,"html":"<blockquote class=\"wp-embedded-content\" data-secret=\"UOBXIBgBpn\"><a href=\"https:\/\/martinluther.ca\/de\/2019\/06\/farewell-to-vicar-mirjam-de\/\">Abschied von Vikarin Mirjam &#8211; Interview<\/a><\/blockquote><iframe sandbox=\"allow-scripts\" security=\"restricted\" src=\"https:\/\/martinluther.ca\/de\/2019\/06\/farewell-to-vicar-mirjam-de\/embed\/#?secret=UOBXIBgBpn\" width=\"600\" height=\"338\" title=\"&#8222;Abschied von Vikarin Mirjam &#8211; Interview&#8220; &#8211; Martin Luther Evangelische Kirche Toronto\" data-secret=\"UOBXIBgBpn\" frameborder=\"0\" marginwidth=\"0\" marginheight=\"0\" scrolling=\"no\" class=\"wp-embedded-content\"><\/iframe><script>\n\/*! This file is auto-generated *\/\n!function(d,l){\"use strict\";l.querySelector&&d.addEventListener&&\"undefined\"!=typeof URL&&(d.wp=d.wp||{},d.wp.receiveEmbedMessage||(d.wp.receiveEmbedMessage=function(e){var t=e.data;if((t||t.secret||t.message||t.value)&&!\/[^a-zA-Z0-9]\/.test(t.secret)){for(var s,r,n,a=l.querySelectorAll('iframe[data-secret=\"'+t.secret+'\"]'),o=l.querySelectorAll('blockquote[data-secret=\"'+t.secret+'\"]'),c=new RegExp(\"^https?:$\",\"i\"),i=0;i<o.length;i++)o[i].style.display=\"none\";for(i=0;i<a.length;i++)s=a[i],e.source===s.contentWindow&&(s.removeAttribute(\"style\"),\"height\"===t.message?(1e3<(r=parseInt(t.value,10))?r=1e3:~~r<200&&(r=200),s.height=r):\"link\"===t.message&&(r=new URL(s.getAttribute(\"src\")),n=new URL(t.value),c.test(n.protocol))&&n.host===r.host&&l.activeElement===s&&(d.top.location.href=t.value))}},d.addEventListener(\"message\",d.wp.receiveEmbedMessage,!1),l.addEventListener(\"DOMContentLoaded\",function(){for(var e,t,s=l.querySelectorAll(\"iframe.wp-embedded-content\"),r=0;r<s.length;r++)(t=(e=s[r]).getAttribute(\"data-secret\"))||(t=Math.random().toString(36).substring(2,12),e.src+=\"#?secret=\"+t,e.setAttribute(\"data-secret\",t)),e.contentWindow.postMessage({message:\"ready\",secret:t},\"*\")},!1)))}(window,document);\n\/\/# sourceURL=https:\/\/martinluther.ca\/wp-includes\/js\/wp-embed.min.js\n<\/script>\n","thumbnail_url":"https:\/\/martinluther.ca\/wp-content\/uploads\/2019\/05\/IMG-9713-1024x767.jpg","thumbnail_width":1024,"thumbnail_height":767,"description":"Erinnerst du dich noch an deinen ersten Eindruck von der MLK? Ich erinnere mich daran, als ich das erste Mal in das Kirchengeb\u00e4ude kam, dass ich davon \u00fcberzeugt war, mich hier wohl niemals orientieren k\u00f6nnen werde. Gut, dass sich das doch noch ge\u00e4ndert hat! Aber ich erinnere mich auch an den ersten Gottesdienst, den ich&hellip;"}

Erinnerst du dich noch an deinen ersten Eindruck von der MLK? Ich erinnere mich daran, als ich das erste Mal in das Kirchengebäude kam, dass ich davon überzeugt war, mich hier wohl niemals orientieren können werde. Gut, dass sich das doch noch geändert hat! Aber ich erinnere mich auch an den ersten Gottesdienst, den ich&hellip;
