{"version":"1.0","provider_name":"Martin Luther Evangelische Kirche Toronto","provider_url":"https:\/\/martinluther.ca\/de\/","author_name":"Mona Kakoschke Frantzke","author_url":false,"title":"Sommercamp, 15.-21. August 2020 anmelden - Martin Luther Evangelische Kirche Toronto","type":"rich","width":600,"height":338,"html":"<blockquote class=\"wp-embedded-content\" data-secret=\"zzPbv6Vavg\"><a href=\"https:\/\/martinluther.ca\/de\/2020\/02\/sommercamp-15-21-august-2020-anmelden\/\">Sommercamp, 15.-21. August 2020 anmelden<\/a><\/blockquote><iframe sandbox=\"allow-scripts\" security=\"restricted\" src=\"https:\/\/martinluther.ca\/de\/2020\/02\/sommercamp-15-21-august-2020-anmelden\/embed\/#?secret=zzPbv6Vavg\" width=\"600\" height=\"338\" title=\"&#8222;Sommercamp, 15.-21. August 2020 anmelden&#8220; &#8211; Martin Luther Evangelische Kirche Toronto\" data-secret=\"zzPbv6Vavg\" frameborder=\"0\" marginwidth=\"0\" marginheight=\"0\" scrolling=\"no\" class=\"wp-embedded-content\"><\/iframe><script>\n\/*! This file is auto-generated *\/\n!function(d,l){\"use strict\";l.querySelector&&d.addEventListener&&\"undefined\"!=typeof URL&&(d.wp=d.wp||{},d.wp.receiveEmbedMessage||(d.wp.receiveEmbedMessage=function(e){var t=e.data;if((t||t.secret||t.message||t.value)&&!\/[^a-zA-Z0-9]\/.test(t.secret)){for(var s,r,n,a=l.querySelectorAll('iframe[data-secret=\"'+t.secret+'\"]'),o=l.querySelectorAll('blockquote[data-secret=\"'+t.secret+'\"]'),c=new RegExp(\"^https?:$\",\"i\"),i=0;i<o.length;i++)o[i].style.display=\"none\";for(i=0;i<a.length;i++)s=a[i],e.source===s.contentWindow&&(s.removeAttribute(\"style\"),\"height\"===t.message?(1e3<(r=parseInt(t.value,10))?r=1e3:~~r<200&&(r=200),s.height=r):\"link\"===t.message&&(r=new URL(s.getAttribute(\"src\")),n=new URL(t.value),c.test(n.protocol))&&n.host===r.host&&l.activeElement===s&&(d.top.location.href=t.value))}},d.addEventListener(\"message\",d.wp.receiveEmbedMessage,!1),l.addEventListener(\"DOMContentLoaded\",function(){for(var e,t,s=l.querySelectorAll(\"iframe.wp-embedded-content\"),r=0;r<s.length;r++)(t=(e=s[r]).getAttribute(\"data-secret\"))||(t=Math.random().toString(36).substring(2,12),e.src+=\"#?secret=\"+t,e.setAttribute(\"data-secret\",t)),e.contentWindow.postMessage({message:\"ready\",secret:t},\"*\")},!1)))}(window,document);\n\/\/# sourceURL=https:\/\/martinluther.ca\/wp-includes\/js\/wp-embed.min.js\n<\/script>\n","thumbnail_url":"https:\/\/martinluther.ca\/wp-content\/uploads\/2019\/11\/2019-Camp-Lutherlyn-MLCWebsite-16lighter.jpg","thumbnail_width":1280,"thumbnail_height":960,"description":"Die Vorbereitungen f\u00fcr das n\u00e4chste Sommercamp sind l\u00e4ngst im Gange. Wir hoffen, dass jeder sich den Termin vom 15.-21. August 2020 vorgemerkt hat. Wer bis Ende Februar 2020 bucht, erh\u00e4lt einen Rabatt. Sie k\u00f6nnen nicht dabeisein? Denken denken Sie bitte \u00fcber eine Spende nach, um diese wundervolle Arbeit zu unterst\u00fctzen. Wir freuen uns darauf, 2020&hellip;"}

Die Vorbereitungen für das nächste Sommercamp sind längst im Gange. Wir hoffen, dass jeder sich den Termin vom 15.-21. August 2020 vorgemerkt hat. Wer bis Ende Februar 2020 bucht, erhält einen Rabatt. Sie können nicht dabeisein? Denken denken Sie bitte über eine Spende nach, um diese wundervolle Arbeit zu unterstützen. Wir freuen uns darauf, 2020&hellip;
