{"version":"1.0","provider_name":"Martin Luther Evangelische Kirche Toronto","provider_url":"https:\/\/martinluther.ca\/de\/","author_name":"Marlena Muller","author_url":false,"title":"R\u00fcckblick und n\u00e4chste Schritte mit unserem \u00f6kumenischen Vikariats-Team - Martin Luther Evangelische Kirche Toronto","type":"rich","width":600,"height":338,"html":"<blockquote class=\"wp-embedded-content\" data-secret=\"52Kgro2QHU\"><a href=\"https:\/\/martinluther.ca\/de\/2020\/08\/wir-danken-unserem-oekumenischen-vikariats-team\/\">R\u00fcckblick und n\u00e4chste Schritte mit unserem \u00f6kumenischen Vikariats-Team<\/a><\/blockquote><iframe sandbox=\"allow-scripts\" security=\"restricted\" src=\"https:\/\/martinluther.ca\/de\/2020\/08\/wir-danken-unserem-oekumenischen-vikariats-team\/embed\/#?secret=52Kgro2QHU\" width=\"600\" height=\"338\" title=\"&#8222;R\u00fcckblick und n\u00e4chste Schritte mit unserem \u00f6kumenischen Vikariats-Team&#8220; &#8211; Martin Luther Evangelische Kirche Toronto\" data-secret=\"52Kgro2QHU\" frameborder=\"0\" marginwidth=\"0\" marginheight=\"0\" scrolling=\"no\" class=\"wp-embedded-content\"><\/iframe><script>\n\/*! This file is auto-generated *\/\n!function(d,l){\"use strict\";l.querySelector&&d.addEventListener&&\"undefined\"!=typeof URL&&(d.wp=d.wp||{},d.wp.receiveEmbedMessage||(d.wp.receiveEmbedMessage=function(e){var t=e.data;if((t||t.secret||t.message||t.value)&&!\/[^a-zA-Z0-9]\/.test(t.secret)){for(var s,r,n,a=l.querySelectorAll('iframe[data-secret=\"'+t.secret+'\"]'),o=l.querySelectorAll('blockquote[data-secret=\"'+t.secret+'\"]'),c=new RegExp(\"^https?:$\",\"i\"),i=0;i<o.length;i++)o[i].style.display=\"none\";for(i=0;i<a.length;i++)s=a[i],e.source===s.contentWindow&&(s.removeAttribute(\"style\"),\"height\"===t.message?(1e3<(r=parseInt(t.value,10))?r=1e3:~~r<200&&(r=200),s.height=r):\"link\"===t.message&&(r=new URL(s.getAttribute(\"src\")),n=new URL(t.value),c.test(n.protocol))&&n.host===r.host&&l.activeElement===s&&(d.top.location.href=t.value))}},d.addEventListener(\"message\",d.wp.receiveEmbedMessage,!1),l.addEventListener(\"DOMContentLoaded\",function(){for(var e,t,s=l.querySelectorAll(\"iframe.wp-embedded-content\"),r=0;r<s.length;r++)(t=(e=s[r]).getAttribute(\"data-secret\"))||(t=Math.random().toString(36).substring(2,12),e.src+=\"#?secret=\"+t,e.setAttribute(\"data-secret\",t)),e.contentWindow.postMessage({message:\"ready\",secret:t},\"*\")},!1)))}(window,document);\n\/\/# sourceURL=https:\/\/martinluther.ca\/wp-includes\/js\/wp-embed.min.js\n<\/script>\n","thumbnail_url":"https:\/\/martinluther.ca\/wp-content\/uploads\/2020\/08\/Four-Vicars-on-the-2019-2020-Ecumenical-Internship-Team-homepage.jpg","thumbnail_width":1132,"thumbnail_height":849,"description":"Letztes Jahr haben wir zusammen mit der Redeemer Lutheran Church das \u00f6kumenische Praktikumsprogramm gestartet, um mutig mit neuen Gottesdienstformen zu experimentieren und mehr Menschen in unserer Nachbarschaft zu erreichen. (Mehr lesen:\u00a0Vorstellung unserer vier Vikare) Unsere vier Vikar*innen Silke Fahl, Jordan Smith, Adam McComb und Caroline Raddatz haben sich genau das trotz der COVID-19- Pandemie vorgenommen.&hellip;"}

Rückblick und nächste Schritte mit unserem ökumenischen Vikariats-Team - Martin Luther Evangelische Kirche Toronto

<blockquote class="wp-embedded-content" data-secret="52Kgro2QHU"><a href="https://martinluther.ca/de/2020/08/wir-danken-unserem-oekumenischen-vikariats-team/">Rückblick und nächste Schritte mit unserem ökumenischen Vikariats-Team</a></blockquote><iframe sandbox="allow-scripts" security="restricted" src="https://martinluther.ca/de/2020/08/wir-danken-unserem-oekumenischen-vikariats-team/embed/#?secret=52Kgro2QHU" width="600" height="338" title="&#8222;Rückblick und nächste Schritte mit unserem ökumenischen Vikariats-Team&#8220; &#8211; Martin Luther Evangelische Kirche Toronto" data-secret="52Kgro2QHU" frameborder="0" marginwidth="0" marginheight="0" scrolling="no" class="wp-embedded-content"></iframe><script>
/*! This file is auto-generated */
!function(d,l){"use strict";l.querySelector&&d.addEventListener&&"undefined"!=typeof URL&&(d.wp=d.wp||{},d.wp.receiveEmbedMessage||(d.wp.receiveEmbedMessage=function(e){var t=e.data;if((t||t.secret||t.message||t.value)&&!/[^a-zA-Z0-9]/.test(t.secret)){for(var s,r,n,a=l.querySelectorAll('iframe[data-secret="'+t.secret+'"]'),o=l.querySelectorAll('blockquote[data-secret="'+t.secret+'"]'),c=new RegExp("^https?:$","i"),i=0;i<o.length;i++)o[i].style.display="none";for(i=0;i<a.length;i++)s=a[i],e.source===s.contentWindow&&(s.removeAttribute("style"),"height"===t.message?(1e3<(r=parseInt(t.value,10))?r=1e3:~~r<200&&(r=200),s.height=r):"link"===t.message&&(r=new URL(s.getAttribute("src")),n=new URL(t.value),c.test(n.protocol))&&n.host===r.host&&l.activeElement===s&&(d.top.location.href=t.value))}},d.addEventListener("message",d.wp.receiveEmbedMessage,!1),l.addEventListener("DOMContentLoaded",function(){for(var e,t,s=l.querySelectorAll("iframe.wp-embedded-content"),r=0;r<s.length;r++)(t=(e=s[r]).getAttribute("data-secret"))||(t=Math.random().toString(36).substring(2,12),e.src+="#?secret="+t,e.setAttribute("data-secret",t)),e.contentWindow.postMessage({message:"ready",secret:t},"*")},!1)))}(window,document);
//# sourceURL=https://martinluther.ca/wp-includes/js/wp-embed.min.js
</script>

Letztes Jahr haben wir zusammen mit der Redeemer Lutheran Church das ökumenische Praktikumsprogramm gestartet, um mutig mit neuen Gottesdienstformen zu experimentieren und mehr Menschen in unserer Nachbarschaft zu erreichen. (Mehr lesen: Vorstellung unserer vier Vikare) Unsere vier Vikar*innen Silke Fahl, Jordan Smith, Adam McComb und Caroline Raddatz haben sich genau das trotz der COVID-19- Pandemie vorgenommen.&hellip;
