{"version":"1.0","provider_name":"Martin Luther Evangelische Kirche Toronto","provider_url":"https:\/\/martinluther.ca\/de\/","author_name":"Mona Kakoschke Frantzke","author_url":false,"title":"Mit freundlichen Gr\u00fc\u00dfen und Dank aus dem Pfarrhaus ... Vikar Adam - Martin Luther Evangelische Kirche Toronto","type":"rich","width":600,"height":338,"html":"<blockquote class=\"wp-embedded-content\" data-secret=\"OsYJyddBGf\"><a href=\"https:\/\/martinluther.ca\/de\/2021\/07\/mit-freundlichen-gruessen-und-dank-aus-dem-pfarrhaus\/\">Mit freundlichen Gr\u00fc\u00dfen und Dank aus dem Pfarrhaus &#8230; Vikar Adam<\/a><\/blockquote><iframe sandbox=\"allow-scripts\" security=\"restricted\" src=\"https:\/\/martinluther.ca\/de\/2021\/07\/mit-freundlichen-gruessen-und-dank-aus-dem-pfarrhaus\/embed\/#?secret=OsYJyddBGf\" width=\"600\" height=\"338\" title=\"&#8222;Mit freundlichen Gr\u00fc\u00dfen und Dank aus dem Pfarrhaus &#8230; Vikar Adam&#8220; &#8211; Martin Luther Evangelische Kirche Toronto\" data-secret=\"OsYJyddBGf\" frameborder=\"0\" marginwidth=\"0\" marginheight=\"0\" scrolling=\"no\" class=\"wp-embedded-content\"><\/iframe><script>\n\/*! This file is auto-generated *\/\n!function(d,l){\"use strict\";l.querySelector&&d.addEventListener&&\"undefined\"!=typeof URL&&(d.wp=d.wp||{},d.wp.receiveEmbedMessage||(d.wp.receiveEmbedMessage=function(e){var t=e.data;if((t||t.secret||t.message||t.value)&&!\/[^a-zA-Z0-9]\/.test(t.secret)){for(var s,r,n,a=l.querySelectorAll('iframe[data-secret=\"'+t.secret+'\"]'),o=l.querySelectorAll('blockquote[data-secret=\"'+t.secret+'\"]'),c=new RegExp(\"^https?:$\",\"i\"),i=0;i<o.length;i++)o[i].style.display=\"none\";for(i=0;i<a.length;i++)s=a[i],e.source===s.contentWindow&&(s.removeAttribute(\"style\"),\"height\"===t.message?(1e3<(r=parseInt(t.value,10))?r=1e3:~~r<200&&(r=200),s.height=r):\"link\"===t.message&&(r=new URL(s.getAttribute(\"src\")),n=new URL(t.value),c.test(n.protocol))&&n.host===r.host&&l.activeElement===s&&(d.top.location.href=t.value))}},d.addEventListener(\"message\",d.wp.receiveEmbedMessage,!1),l.addEventListener(\"DOMContentLoaded\",function(){for(var e,t,s=l.querySelectorAll(\"iframe.wp-embedded-content\"),r=0;r<s.length;r++)(t=(e=s[r]).getAttribute(\"data-secret\"))||(t=Math.random().toString(36).substring(2,12),e.src+=\"#?secret=\"+t,e.setAttribute(\"data-secret\",t)),e.contentWindow.postMessage({message:\"ready\",secret:t},\"*\")},!1)))}(window,document);\n\/\/# sourceURL=https:\/\/martinluther.ca\/wp-includes\/js\/wp-embed.min.js\n<\/script>\n","thumbnail_url":"https:\/\/martinluther.ca\/wp-content\/uploads\/2021\/07\/2021-Parsonage-backyard-01.jpg","thumbnail_width":624,"thumbnail_height":468,"description":"&#8230; eine Reflexion von Vikar Adam McComb &#8230; Meine Zuflucht, meine Arche war das Pfarrhaus. Der Regen h\u00f6rte auf, der Himmel klarte auf, und ein Regenbogen bildete sich. Dieses Regenbogenb\u00fcndnis verlangte eine Antwort. Der Sch\u00f6pfer streckt seine Hand partnerschaftlich aus und ruft uns auf f\u00fcr die Sch\u00f6pfung zu sorgen. Dankbar bin ich, dass ich dank&hellip;"}

Mit freundlichen Grüßen und Dank aus dem Pfarrhaus ... Vikar Adam - Martin Luther Evangelische Kirche Toronto

<blockquote class="wp-embedded-content" data-secret="OsYJyddBGf"><a href="https://martinluther.ca/de/2021/07/mit-freundlichen-gruessen-und-dank-aus-dem-pfarrhaus/">Mit freundlichen Grüßen und Dank aus dem Pfarrhaus &#8230; Vikar Adam</a></blockquote><iframe sandbox="allow-scripts" security="restricted" src="https://martinluther.ca/de/2021/07/mit-freundlichen-gruessen-und-dank-aus-dem-pfarrhaus/embed/#?secret=OsYJyddBGf" width="600" height="338" title="&#8222;Mit freundlichen Grüßen und Dank aus dem Pfarrhaus &#8230; Vikar Adam&#8220; &#8211; Martin Luther Evangelische Kirche Toronto" data-secret="OsYJyddBGf" frameborder="0" marginwidth="0" marginheight="0" scrolling="no" class="wp-embedded-content"></iframe><script>
/*! This file is auto-generated */
!function(d,l){"use strict";l.querySelector&&d.addEventListener&&"undefined"!=typeof URL&&(d.wp=d.wp||{},d.wp.receiveEmbedMessage||(d.wp.receiveEmbedMessage=function(e){var t=e.data;if((t||t.secret||t.message||t.value)&&!/[^a-zA-Z0-9]/.test(t.secret)){for(var s,r,n,a=l.querySelectorAll('iframe[data-secret="'+t.secret+'"]'),o=l.querySelectorAll('blockquote[data-secret="'+t.secret+'"]'),c=new RegExp("^https?:$","i"),i=0;i<o.length;i++)o[i].style.display="none";for(i=0;i<a.length;i++)s=a[i],e.source===s.contentWindow&&(s.removeAttribute("style"),"height"===t.message?(1e3<(r=parseInt(t.value,10))?r=1e3:~~r<200&&(r=200),s.height=r):"link"===t.message&&(r=new URL(s.getAttribute("src")),n=new URL(t.value),c.test(n.protocol))&&n.host===r.host&&l.activeElement===s&&(d.top.location.href=t.value))}},d.addEventListener("message",d.wp.receiveEmbedMessage,!1),l.addEventListener("DOMContentLoaded",function(){for(var e,t,s=l.querySelectorAll("iframe.wp-embedded-content"),r=0;r<s.length;r++)(t=(e=s[r]).getAttribute("data-secret"))||(t=Math.random().toString(36).substring(2,12),e.src+="#?secret="+t,e.setAttribute("data-secret",t)),e.contentWindow.postMessage({message:"ready",secret:t},"*")},!1)))}(window,document);
//# sourceURL=https://martinluther.ca/wp-includes/js/wp-embed.min.js
</script>

&#8230; eine Reflexion von Vikar Adam McComb &#8230; Meine Zuflucht, meine Arche war das Pfarrhaus. Der Regen hörte auf, der Himmel klarte auf, und ein Regenbogen bildete sich. Dieses Regenbogenbündnis verlangte eine Antwort. Der Schöpfer streckt seine Hand partnerschaftlich aus und ruft uns auf für die Schöpfung zu sorgen. Dankbar bin ich, dass ich dank&hellip;
