{"version":"1.0","provider_name":"Martin Luther Evangelische Kirche Toronto","provider_url":"https:\/\/martinluther.ca\/de\/","author_name":"Marlena Muller","author_url":false,"title":"Pastorin Annika Klapperts Andacht f\u00fcr Januar 2022 - Martin Luther Evangelische Kirche Toronto","type":"rich","width":600,"height":338,"html":"<blockquote class=\"wp-embedded-content\" data-secret=\"15TCB0dPdo\"><a href=\"https:\/\/martinluther.ca\/de\/2022\/01\/pastorin-annika-klapperts-andacht-fuer-januar-2022\/\">Pastorin Annika Klapperts Andacht f\u00fcr Januar 2022<\/a><\/blockquote><iframe sandbox=\"allow-scripts\" security=\"restricted\" src=\"https:\/\/martinluther.ca\/de\/2022\/01\/pastorin-annika-klapperts-andacht-fuer-januar-2022\/embed\/#?secret=15TCB0dPdo\" width=\"600\" height=\"338\" title=\"&#8222;Pastorin Annika Klapperts Andacht f\u00fcr Januar 2022&#8220; &#8211; Martin Luther Evangelische Kirche Toronto\" data-secret=\"15TCB0dPdo\" frameborder=\"0\" marginwidth=\"0\" marginheight=\"0\" scrolling=\"no\" class=\"wp-embedded-content\"><\/iframe><script>\n\/*! This file is auto-generated *\/\n!function(d,l){\"use strict\";l.querySelector&&d.addEventListener&&\"undefined\"!=typeof URL&&(d.wp=d.wp||{},d.wp.receiveEmbedMessage||(d.wp.receiveEmbedMessage=function(e){var t=e.data;if((t||t.secret||t.message||t.value)&&!\/[^a-zA-Z0-9]\/.test(t.secret)){for(var s,r,n,a=l.querySelectorAll('iframe[data-secret=\"'+t.secret+'\"]'),o=l.querySelectorAll('blockquote[data-secret=\"'+t.secret+'\"]'),c=new RegExp(\"^https?:$\",\"i\"),i=0;i<o.length;i++)o[i].style.display=\"none\";for(i=0;i<a.length;i++)s=a[i],e.source===s.contentWindow&&(s.removeAttribute(\"style\"),\"height\"===t.message?(1e3<(r=parseInt(t.value,10))?r=1e3:~~r<200&&(r=200),s.height=r):\"link\"===t.message&&(r=new URL(s.getAttribute(\"src\")),n=new URL(t.value),c.test(n.protocol))&&n.host===r.host&&l.activeElement===s&&(d.top.location.href=t.value))}},d.addEventListener(\"message\",d.wp.receiveEmbedMessage,!1),l.addEventListener(\"DOMContentLoaded\",function(){for(var e,t,s=l.querySelectorAll(\"iframe.wp-embedded-content\"),r=0;r<s.length;r++)(t=(e=s[r]).getAttribute(\"data-secret\"))||(t=Math.random().toString(36).substring(2,12),e.src+=\"#?secret=\"+t,e.setAttribute(\"data-secret\",t)),e.contentWindow.postMessage({message:\"ready\",secret:t},\"*\")},!1)))}(window,document);\n\/\/# sourceURL=https:\/\/martinluther.ca\/wp-includes\/js\/wp-embed.min.js\n<\/script>\n","thumbnail_url":"https:\/\/martinluther.ca\/wp-content\/uploads\/2022\/01\/2022-Jahreslosung.jpg","thumbnail_width":600,"thumbnail_height":450,"description":"Das Motiv von Eberhard M\u00fcnch zur Jahreslosung 2022, Johannes 6, 37, hat mich ber\u00fchrt. In der Mitte, \u00fcberstrahlt vom Licht, steht eine Figur mit ausgebreiteten Armen, vom Licht fast \u00fcberstrahlt und doch deutlich zu erkennen. Um sie herum nehme ich schemenhaft verschiedene Menschen war, manche sind sehr nah, sie k\u00f6nnen die Person in der Mitte&hellip;"}

Pastorin Annika Klapperts Andacht für Januar 2022 - Martin Luther Evangelische Kirche Toronto

<blockquote class="wp-embedded-content" data-secret="15TCB0dPdo"><a href="https://martinluther.ca/de/2022/01/pastorin-annika-klapperts-andacht-fuer-januar-2022/">Pastorin Annika Klapperts Andacht für Januar 2022</a></blockquote><iframe sandbox="allow-scripts" security="restricted" src="https://martinluther.ca/de/2022/01/pastorin-annika-klapperts-andacht-fuer-januar-2022/embed/#?secret=15TCB0dPdo" width="600" height="338" title="&#8222;Pastorin Annika Klapperts Andacht für Januar 2022&#8220; &#8211; Martin Luther Evangelische Kirche Toronto" data-secret="15TCB0dPdo" frameborder="0" marginwidth="0" marginheight="0" scrolling="no" class="wp-embedded-content"></iframe><script>
/*! This file is auto-generated */
!function(d,l){"use strict";l.querySelector&&d.addEventListener&&"undefined"!=typeof URL&&(d.wp=d.wp||{},d.wp.receiveEmbedMessage||(d.wp.receiveEmbedMessage=function(e){var t=e.data;if((t||t.secret||t.message||t.value)&&!/[^a-zA-Z0-9]/.test(t.secret)){for(var s,r,n,a=l.querySelectorAll('iframe[data-secret="'+t.secret+'"]'),o=l.querySelectorAll('blockquote[data-secret="'+t.secret+'"]'),c=new RegExp("^https?:$","i"),i=0;i<o.length;i++)o[i].style.display="none";for(i=0;i<a.length;i++)s=a[i],e.source===s.contentWindow&&(s.removeAttribute("style"),"height"===t.message?(1e3<(r=parseInt(t.value,10))?r=1e3:~~r<200&&(r=200),s.height=r):"link"===t.message&&(r=new URL(s.getAttribute("src")),n=new URL(t.value),c.test(n.protocol))&&n.host===r.host&&l.activeElement===s&&(d.top.location.href=t.value))}},d.addEventListener("message",d.wp.receiveEmbedMessage,!1),l.addEventListener("DOMContentLoaded",function(){for(var e,t,s=l.querySelectorAll("iframe.wp-embedded-content"),r=0;r<s.length;r++)(t=(e=s[r]).getAttribute("data-secret"))||(t=Math.random().toString(36).substring(2,12),e.src+="#?secret="+t,e.setAttribute("data-secret",t)),e.contentWindow.postMessage({message:"ready",secret:t},"*")},!1)))}(window,document);
//# sourceURL=https://martinluther.ca/wp-includes/js/wp-embed.min.js
</script>

Das Motiv von Eberhard Münch zur Jahreslosung 2022, Johannes 6, 37, hat mich berührt. In der Mitte, überstrahlt vom Licht, steht eine Figur mit ausgebreiteten Armen, vom Licht fast überstrahlt und doch deutlich zu erkennen. Um sie herum nehme ich schemenhaft verschiedene Menschen war, manche sind sehr nah, sie können die Person in der Mitte&hellip;
